e highest common factor of 315 and 7448595?
105
Calculate the greatest common factor of 13 and 1414192.
13
Calculate the greatest common divisor of 2005520 and 473.
473
Calculate the highest common divisor of 7632 and 864.
144
What is the highest common divisor of 31 and 2214299?
31
Calculate the greatest common factor of 9 and 37017.
9
Calculate the greatest common divisor of 154440 and 297.
297
What is the highest common factor of 196 and 14700?
196
What is the greatest common factor of 260336 and 265?
53
Calculate the greatest common divisor of 46 and 782.
46
What is the greatest common factor of 80 and 4240?
80
What is the greatest common factor of 25335 and 9?
9
Calculate the greatest common divisor of 432744 and 38.
38
What is the highest common divisor of 5300 and 59572?
212
Calculate the highest common factor of 155 and 29636.
31
What is the greatest common factor of 6708 and 780?
156
What is the highest common divisor of 20485 and 663?
17
What is the highest common divisor of 66 and 892?
2
What is the greatest common divisor of 68675 and 41000?
1025
Calculate the highest common divisor of 2336 and 56648.
584
Calculate the highest common divisor of 24070 and 2241.
83
Calculate the highest common factor of 399 and 9975.
399
Calculate the greatest common divisor of 572 and 252772.
52
What is the greatest common divisor of 1316 and 22184?
188
Calculate the greatest common factor of 322 and 38249.
23
What is the greatest common divisor of 2115 and 11045?
235
Calculate the highest common divisor of 233469 and 54.
27
What is the greatest common factor of 40946 and 7981?
347
Calculate the greatest common divisor of 8 and 188116.
4
What is the greatest common factor of 14 and 243628?
14
Calculate the highest common divisor of 831 and 747.
3
What is the greatest common factor of 278 and 77006?
278
Calculate the greatest common divisor of 7520 and 17120.
160
What is the greatest common factor of 4204 and 23?
1
Calculate the highest common divisor of 313705 and 70.
35
What is the greatest common divisor of 327969 and 63?
9
Calculate the greatest common divisor of 363 and 753.
3
Calculate the highest common factor of 87 and 19011.
3
Calculate the greatest common factor of 124639 and 3390.
113
Calculate the highest common divisor of 308 and 4796.
44
What is the highest common factor of 289635 and 15?
15
What is the highest common factor of 2084 and 11?
1
What is the greatest common divisor of 4249 and 2038913?
607
What is the greatest common divisor of 3104 and 1987336?
776
Calculate the highest common factor of 1323 and 3165939.
1323
Calculate the highest common divisor of 312 and 203528.
104
Calculate the greatest common factor of 244 and 1340414.
122
Calculate the greatest common factor of 56875 and 5075.
175
What is the greatest common factor of 48 and 1408096?
16
Calculate the greatest common factor of 165 and 68739.
33
What is the greatest common factor of 91 and 334633?
13
Calculate the highest common divisor of 58 and 94.
2
What is the highest common factor of 3338 and 6?
2
What is the greatest common factor of 11544 and 20046?
78
Calculate the greatest common divisor of 6498 and 10.
2
What is the highest common divisor of 1647 and 18849?
183
What is the greatest common divisor of 54 and 352908?
18
What is the highest common factor of 497343 and 462?
231
Calculate the greatest common divisor of 364 and 80766.
14
Calculate the greatest common factor of 104 and 29224.
104
What is the greatest common factor of 21 and 34377?
21
What is the greatest common divisor of 51173 and 2993?
73
Calculate the highest common factor of 32 and 6356.
4
What is the greatest common factor of 62805 and 13568?
53
Calculate the greatest common divisor of 48360 and 3068.
52
What is the highest common factor of 33189 and 23088?
1443
Calculate the highest common factor of 17365 and 755.
755
Calculate the highest common factor of 7405 and 20.
5
What is the greatest common factor of 350 and 22890?
70
What is the highest common factor of 73617 and 424?
53
Calculate the greatest common divisor of 5310 and 236.
118
What is the highest common divisor of 1365 and 3771?
3
What is the greatest common factor of 22476 and 2676?
12
Calculate the highest common factor of 641456 and 94.
94
Calculate the greatest common divisor of 10914 and 255.
51
Calculate the highest common factor of 68 and 292.
4
Calculate the greatest common factor of 2050 and 5986.
82
What is the greatest common divisor of 1601536 and 828?
92
What is the highest common divisor of 11497584 and 1596?
1596
What is the highest common divisor of 742221 and 9?
9
Calculate the greatest common divisor of 5915850 and 50.
50
What is the highest common factor of 4344 and 129?
3
Calculate the highest common factor of 66466 and 4776.
398
What is the highest common divisor of 38976 and 384?
192
Calculate the greatest common divisor of 49 and 24668.
7
What is the greatest common divisor of 4528 and 4811?
283
What is the highest common divisor of 100 and 24100?
100
What is the greatest common factor of 20 and 895?
5
Calculate the greatest common factor of 497 and 2373.
7
What is the greatest common divisor of 43655 and 25?
5
What is the greatest common factor of 34448 and 16?
16
What is the highest common factor of 3699 and 216?
27
What is the highest common factor of 512 and 17280?
128
What is the highest common factor of 117 and 114673?
13
What is the greatest common factor of 2961 and 84168?
63
Calculate the highest common divisor of 20179 and 85.
17
What is the greatest common factor of 378868 and 1176?
196
What is the highest common factor of 76814 and 398?
398
What is the highest common factor of 88 and 66?
22
What is the highest common divisor of 1295880 and 24?
24
Calculate the greatest common divisor of 1786 and 2192315.
893
Calculate the highest common divisor of 67 and 859543.
67
What is the highest common factor of 2817048 and 26?
26
Calculate the highest common factor of 40502 and 7.
7
Calculate the highest common divisor of 23852 and 1780.
356
Calculate the greatest common divisor of 40603 and 12.
1
What is the greatest common factor of 11335 and 5?
5
Calculate the greatest common divisor of 233303 and 7.
7
Calculate the highest common factor of 133812 and 504.
252
Calculate the greatest common factor of 29320 and 120.
40
Calculate the greatest common factor of 2070 and 6590.
10
What is the highest common divisor of 594 and 158466?
66
What is the highest common factor of 3536 and 3196?
68
What is the greatest common divisor of 40738 and 2?
2
Calculate the greatest common factor of 118 and 10152.
2
What is the highest common divisor of 2183 and 592?
37
What is the highest common divisor of 377161 and 137?
137
Calculate the greatest common divisor of 373 and 1662461.
373
What is the greatest common factor of 40 and 56460?
20
What is the greatest common divisor of 8 and 1204976?
8
Calculate the greatest common factor of 438 and 2482.
146
What is the highest common divisor of 87 and 232377?
87
Calculate the highest common divisor of 1331 and 132.
11
Calculate the highest common factor of 11286 and 53086.
418
Calculate the highest common factor of 31958 and 152.
38
What is the highest common factor of 10330290 and 45?
45
Calculate the highest common divisor of 18590 and 259415.
845
Calculate the highest common divisor of 7526 and 636.
106
What is the greatest common divisor of 442 and 7020?
26
Calculate the highest common factor of 1027246 and 37312.
1166
Calculate the highest common divisor of 365512 and 392.
56
What is the highest common factor of 2614111 and 46?
23
What is the greatest common divisor of 90 and 353?
1
What is the highest common factor of 7216 and 3322?
22
What is the greatest common factor of 48 and 17232?
48
Calculate the greatest common factor of 1105 and 1157.
13
What is the highest common factor of 12 and 61440?
12
What is the greatest common divisor of 2772460 and 1340?
1340
What is the greatest common factor of 1331740 and 20?
20
What is the highest common factor of 52 and 1913522?
26
What is the highest common divisor of 335 and 30375?
5
What is the greatest common divisor of 43953 and 276?
69
What is the greatest common divisor of 12264 and 1344?
168
Calculate the highest common facto